of y?
2
Let f be 14/35 - (-56)/10. Suppose -36 = -3*p - f. List the prime factors of p.
2, 5
Let r(n) = 7*n - 4. Let v be r(2). Suppose -2*w = t - 23, -2*w + v = -2*t - 22. List the prime factors of w.
13
Let t = 358 + -212. List the prime factors of t.
2, 73
Suppose 0 = -2*c + c + 101. Suppose 2*z = -j + c, 2*z = 2*j + 46 + 52. Suppose 5*n - z = 30. What are the prime factors of n?
2
List the prime factors of 16 - 12 - 1/((-2)/256).
2, 3, 11
Suppose v - 7 = -u, -3*v + 8*v + 73 = 4*u. List the prime factors of u.
2, 3
Suppose -11*t - 1 = -10*t. Let c(i) = -44*i - 1. List the prime factors of c(t).
43
Let b(h) = -h**2 + h + 2. Let s be b(0). Let u = 0 + s. List the prime factors of u.
2
Let n = -18 + 38. Suppose 0 = 5*o + 3*x - n, 2*o - 9 = 4*x - 1. List the prime factors of o.
2
Let h be (-1)/(-2) - (-17)/2. Let q be (-100)/(-16) + (-3)/(-4) + -1. Let m = h - q. What are the prime factors of m?
3
Suppose 2*f = 4*g - 84 - 32, 5*f + 270 = 5*g. List the prime factors of f/(-8) - 3/12.
2, 3
Suppose -36 = 3*g + 4*o, 5*g + 4*o = -24 - 44. Let k = -34 - g. List the prime factors of 2/(-9) + (-130)/k.
7
Let n = 186 + -94. What are the prime factors of n?
2, 23
Let x(p) = p**3 - p**2 + p + 36. Let r be x(0). Suppose -s + r = s. What are the prime factors of s?
2, 3
Let l(h) be the third derivative of -h**5/60 + 5*h**4/12 - 11*h**3/6 + h**2. Let r be l(9). List the prime factors of ((5 - r) + 1)*1.
2
Suppose -3*w + 0*w = 4*u - 97, 5*u = -w + 124. List the prime factors of u.
5
Suppose 0 = j - 2 - 0. Let l be 16/(-6)*(-3)/j. Suppose -5*p + 29 = 2*n, 34 = -n + l*n - 2*p. List the prime factors of n.
2, 3
Suppose 3*z - 35 = -5*p + 145, -300 = -5*z - p. List the prime factors of z.
2, 3, 5
Let z(w) = 3*w - 3. Let p = -3 - -11. List the prime factors of z(p).
3, 7
Let d be 18/(-4)*(-4)/(-6). List the prime factors of (-1 - (d + 4)) + 29.
3
Let a = 10 - 5. Suppose -f + a*m = -8, -2*f = 4*m - 7 + 5. Suppose 0 = f*i - 3, -i = -0*p - 3*p + 17. List the prime factors of p.
2, 3
Let a(h) = h**3 - 5*h**2 - 21*h - 13. What are the prime factors of a(9)?
2, 61
Suppose -2*d - 4*f = 2*d - 36, f - 14 = -2*d. Let t be 51 + 0 - (2 + -1). Suppose -c + 2*c = 4*h + 10, -d*c + t = -4*h. What are the prime factors of c?
2, 5
Let p(n) = n**2 - 16*n + 4. List the prime factors of p(21).
109
Suppose 5 = 4*i + 5*g, -2*g - 1 + 5 = 2*i. Suppose -f = -1 - i. List the prime factors of f.
2, 3
Suppose z - 48 = 3*i - 0*z, -3*z = 0. Let v = -8 - i. What are the prime factors of v?
2
Suppose -29 = -4*o + 5*u, 0 = -6*o + 3*o + 4*u + 23. Let m be 0*(3 - 2/o). Suppose 0 = -2*g + 6, m*g = -5*f + 2*g + 34. List the prime factors of f.
2
Let d = -3 - -4. List the prime factors of (6/(-4))/(d/(-10)).
3, 5
Let k = 86 - -95. What are the prime factors of k?
181
Let p = 127 + -70. Let m = p - 41. What are the prime factors of m?
2
Let o = 15 - 11. What are the prime factors of (2/3)/(o/114)?
19
Let l(k) = 20*k**2. Let c be l(1). Suppose 4*z + b = -0*z + c, 10 = 2*z + 4*b. List the prime factors of z.
5
Suppose 4 + 31 = 5*b. Suppose 3*w - 5 = b. List the prime factors of w.
2
Let q be (-6)/42 + 102/(-21). List the prime factors of 8*((-100)/8)/q.
2, 5
Let j(f) = -f**2 + 4*f - 1. Suppose -3*n = -8 + 2. What are the prime factors of j(n)?
3
Suppose -4*b = -79 - 33. Let c = -8 + -1. Let f = b + c. What are the prime factors of f?
19
Suppose -2*v + v = 4*r - 152, -2*r - 4*v = -76. What are the prime factors of r?
2, 19
Suppose -24*l - 18 = -30*l. List the prime factors of l.
3
Let x be (-1 - -2)*4/2. Let m be (-2 + 72/3)/x. Let i = m - 5. What are the prime factors of i?
2, 3
Let j(h) = -h**2 + 9*h. What are the prime factors of j(8)?
2
Let z be (-1 - -2 - -1) + -8. Let a = 16 + z. List the prime factors of a.
2, 5
Suppose -m = 0, -2*f - f + 258 = -4*m. Suppose f = 2*s + 28. Suppose 5*b - s - 1 = 0. List the prime factors of b.
2, 3
Suppose -4*r + 10 = 3*n - 22, 0 = 3*r - 15. Suppose w - 38 = g - 4*g, 20 = g + n*w. List the prime factors of g.
2, 3
Suppose 5*l + 35 = 5*b, -b - 3*l + 7 = -l. Let r be (-1 + b/2)*2. Suppose -44 = -r*t + t. List the prime factors of t.
11
Suppose 9*i - 25 = 4*i, c - 3*i - 4 = 0. List the prime factors of c/1 + 1 + -3.
17
What are the prime factors of ((-106)/8)/(2/(-16))?
2, 53
Let t(j) = -j**3 - 4*j**2 + 1. Let z be t(-4). Suppose -4*o = -z - 15. What are the prime factors of o?
2
Let h = -6 + 46. List the prime factors of h.
2, 5
Suppose 25*y - 23*y + 20 = 0. What are the prime factors of 3855/75 + (-6)/y?
2, 13
Let r be 2400/(-9) + (-1)/3. Let o be r/(-12) + 2/(-8). Let j = o - 11. What are the prime factors of j?
11
Let w(v) = 9*v**2 - 2*v + 1. Suppose -2*k + 0*k = 5*z + 23, 5*k = -4*z - 15. Let p be w(k). Let i = p + -3. List the prime factors of i.
5
Let o = -5 + 10. Suppose -2*h + 5 = -o. List the prime factors of h.
5
Let i be ((-14)/8)/(4/(-16)). Let h = 15 - i. List the prime factors of h.
2
Suppose 79 + 113 = 4*p. Suppose p = m + 1. Suppose m = 3*v + 2. List the prime factors of v.
3, 5
Suppose -i = 2*p - 95, 0 = -2*i + 1 + 1. What are the prime factors of p?
47
What are the prime factors of 568/7 + 2/(-14)?
3
Let t = -5 + 8. Suppose -25 = 5*x, t*y = -5*x - 8 - 2. List the prime factors of y.
5
Let f = -6 + 3. Let c be (2/f)/(3/(-9)). Suppose 5*p - 10 = -3*i, 21 - c = 4*i + p. What are the prime factors of i?
5
Suppose -4*d - 17 = 23. Let u = 9 + d. What are the prime factors of (18/12)/(u/(-10))?
3, 5
Let v(g) = -g**3 - 5*g**2 - g - 2. Let s be v(-5). Suppose -3*m + m + 70 = 3*w, s*w + 4*m = 68. What are the prime factors of (w/30)/((-1)/(-5))?
2
What are the prime factors of (1 - -12)/((-2)/(-6)) + 0?
3, 13
Let k(q) = 2*q**2 + 16*q - 12. Let r(y) = 3*y**2 + 17*y - 13. Let l(m) = 4*k(m) - 3*r(m). What are the prime factors of l(10)?
3, 7
Let l(v) = -12*v - 36. What are the prime factors of l(-9)?
2, 3
Let d = 3 + -9. List the prime factors of 30/(-9)*9/d.
5
Suppose 0 = -6*j + 229 + 707. List the prime factors of j.
2, 3, 13
Let r(u) = 0*u + u**3 - 15 + 2 - u - u**2 + 2*u**2. Let v be r(0). Let j = v - -21. List the prime factors of j.
2
Suppose r + 5 = 6*r. List the prime factors of (0 - r - -1) + 13.
13
Let g be (-6)/12 - (-18)/4. Suppose 0 = -2*h + 2 + g. Suppose -35 = -h*a - 2*a. List the prime factors of a.
7
Suppose h = 3*h - 70. What are the prime factors of 644/h - 6/(-10)?
19
What are the prime factors of 4*(-3)/(-12)*22?
2, 11
Let g(v) be the second derivative of -v**5/20 - v**4/6 - v**3/2 + 2*v. What are the prime factors of g(-2)?
2, 3
Let i be -5*((5 - 2) + -2). Let v = 10 + i. Suppose v*b = -0*b + 50. List the prime factors of b.
2, 5
Suppose -4*l + 92 = t - 0*t, 3*t = 2*l - 32. Suppose 5*k + 3*y - 22 = 0, 0*k - 4*k + 2*y = -l. List the prime factors of k.
5
Let d(q) be the third derivative of q**4/24 + 13*q**3/6 + 3*q**2. List the prime factors of d(15).
2, 7
Let o(a) = -19*a + 2. Let g be o(-1). List the prime factors of -2 + (g - -3) + -2.
2, 5
Suppose -8 = -5*f - 3. Suppose -r - 12 = 4*q + 3*r, q - r = -f. List the prime factors of 7 - 1/2*q.
2
List the prime factors of (1 - (-3 + -16)) + 5.
5
Let p be 4/(-8) + (-37)/(-2). Suppose -3*r + 6*r = p. What are the prime factors of r?
2, 3
Suppose 0 = 2*c - 5*c. Let k be (-2)/7 + (-32)/(-14). Suppose k*g - 25 + 9 = c. List the prime factors of g.
2
Suppose -5*a = -2*k - 1022, -8*a + 5*a + 610 = 2*k. List the prime factors of a.
2, 3, 17
Suppose -13*f = -11*f - 4. Suppose -f*o = o - 60. List the prime factors of o.
2, 5
Suppose -q + 3 = -4*y + 4, 5*q - 25 = 5*y. Suppose q*x - 3*x - 36 = 0. What are the prime factors of x?
3
Suppose 5*y - 151 = 19. List the prime factors of y.
2, 17
Let a be (-4)/(-18) + (-122)/(-18). Let n(u) = -1 - 1 + 3 - u**2 + a*u. List the prime factors of n(6).
7
Let h(o) = -9 - o**3 + 9*o + 6*o**3 - 4*o**3 - 2*o**3 + 6*o**2. List the prime factors of h(7).
5
Let o(r) = 5*r - 2. Let x = 1 - -2. Let l be o(x). Let h = -6 + l. List the prime factors of h.
7
Suppose 2*i = 4*t + 262 - 10, 4*i - 4*t = 524. What are the prime factors of i?
2, 17
Let v be ((-2)/6)/((-1)/3). What are the prime factors of 1/((v/(-11))/(-1))?
11
Let r(x) = -x**3 - 7*x**2 - 9*x + 8. Let j(d) = -2*d**3 - 14*d**2 - 17*d + 15. Let z(t) = -6*j(t) + 11*r(t). List the prime factors of z(-6).
2
Suppose 5*k - 